 Give z(-12).
-42
Let c(f) = 22*f + 348. Give c(-11).
106
Let u(b) = 303*b + 4. Calculate u(-2).
-602
Let d(u) = -2*u**2 + 2*u. Determine d(0).
0
Let f(l) = 26*l - 2025. Give f(78).
3
Let k(p) = 42*p - 9332. Give k(222).
-8
Let b(l) = -l**3 - 6*l**2 - 83*l - 370. Calculate b(-5).
20
Let r(u) = 86*u - 8127. Calculate r(95).
43
Let c(y) = 5*y + 53. Give c(-11).
-2
Let v(b) = -5*b**2 - 35*b + 119. What is v(3)?
-31
Let l(s) = s**3 - 2*s**2 - 19*s + 60. Give l(3).
12
Let v(b) = -b**2 - 68*b - 218. What is v(-61)?
209
Let q(z) = 14*z + 164. Calculate q(-11).
10
Let o(l) = -54*l**2 + 594*l - 47. Determine o(11).
-47
Let g(f) = 189*f - 716. Give g(7).
607
Let g(m) = 17*m**3 + 85*m**2 - 3*m + 13. Give g(-5).
28
Let d(o) = -o**3 + 39*o**2 + 1422*o + 244. What is d(62)?
-4
Let r(s) = 2*s**2 - 101*s - 426. What is r(54)?
-48
Let h(n) = -n**3 + 4*n**2 + 20. Give h(0).
20
Let s(p) = -p**2 + 23*p - 47. Determine s(21).
-5
Let s(b) = -35*b + 310. Give s(9).
-5
Let m(j) = 2*j**2 - 31*j - 120. What is m(-3)?
-9
Let o(a) = -418*a + 3756. What is o(9)?
-6
Let j(k) = k**3 - 33*k**2 + 144*k - 80. Give j(28).
32
Let i(t) = -t**3 - 61*t**2 + 129*t + 206. Give i(-63).
17
Let w(n) = -n**2 + 22*n + 7. Calculate w(23).
-16
Let c(q) = 4*q**3 - 135*q**2 - 28*q - 210. What is c(34)?
-6
Let s(k) = -42*k**3 + k**2 - 21*k - 48. Calculate s(-2).
334
Let q(b) = -b**3 + 8*b**2 + 12*b - 65. Determine q(8).
31
Let j(u) = -u**3 + 77*u**2 + 235*u + 406. What is j(80)?
6
Let b(o) = -o**2 - 4*o + 542. Give b(25).
-183
Let c(w) = -w**2 - 157*w - 1985. Give c(-14).
17
Let h(x) = 9*x**2 + 22*x + 29. What is h(3)?
176
Let o(w) = -4*w**3 - 7*w**2 + 4*w + 112. Determine o(-6).
700
Let h(l) = -3*l**2 - 253*l + 9301. Determine h(-112).
5
Let p(g) = 2*g**3 - 9*g**2 - 9*g - 40. Calculate p(-3).
-148
Let q(g) = -g**2 + 51*g - 379. Calculate q(9).
-1
Let c(p) = 680*p + 4764. Give c(-7).
4
Let g(n) = -550*n - 7725. What is g(-14)?
-25
Let v(z) = z**2 + z - 59. Determine v(-10).
31
Let j(x) = -x**2 - 39*x - 362. Calculate j(-16).
6
Let b(d) = -2*d**2 - 67*d + 1676. Calculate b(22).
-766
Let c(o) = o**2 + 49*o + 615. What is c(-24)?
15
Let k(q) = -q**3 + 70*q**2 + 451*q + 397. What is k(76)?
17
Let f(k) = -k**3 - 134*k**2 - 1012*k - 511. Give f(-126).
-7
Let j(n) = -3*n**3 + 3*n**2 - 9*n - 14. Give j(-4).
262
Let b(j) = -j**3 + 32*j**2 - 103*j + 56. Determine b(29).
-408
Let j(g) = -7*g**2 - 537*g + 136. Determine j(-77).
-18
Let q(t) = -2*t**2 - 21*t - 40. Calculate q(-8).
0
Let r(h) = -1248*h - 163483. What is r(-131)?
5
Let l(f) = 35*f - 361. Give l(21).
374
Let w(t) = t**2 - 513*t + 5519. What is w(11)?
-3
Let b(r) = 471*r + 113040. Give b(-240).
0
Let z(c) = 20*c**2 - c + 1. Give z(1).
20
Let f(w) = w**3 + 19*w**2 - 43*w + 47. Calculate f(-21).
68
Let u(j) = 82*j + 506. Calculate u(-5).
96
Let s(m) = m**3 - 14*m**2 - 480*m + 26. Determine s(-16).
26
Let l(b) = 28*b + 790. What is l(-7)?
594
Let g(k) = -k**3 + 20*k**2 + 169*k - 1107. Determine g(25).
-7
Let y(w) = -9*w - 306. What is y(-32)?
-18
Let a(o) = 2*o**2 - 20*o - 15. What is a(-7)?
223
Let f(q) = 180*q + 907. Determine f(-5).
7
Let u(g) = g**3 + 6*g**2 - 8*g - 10. Determine u(-8).
-74
Let q(d) = 3*d**2 + 3*d - 50. Give q(4).
10
Let k(y) = y**2 + 234*y + 693. Give k(-3).
0
Let f(g) = -89*g + 1682. What is f(19)?
-9
Let z(y) = y**2 - 94*y + 670. Determine z(8).
-18
Let l(r) = -36*r**2 - 152*r - 23. What is l(-4)?
9
Let x(w) = -w**3 + 29*w**2 - 61*w - 265. Determine x(24).
1151
Let b(n) = -105*n - 1256. Give b(-12).
4
Let f(c) = 3*c**3 - 43*c**2 - 25*c - 49. Calculate f(15).
26
Let z(i) = 2*i**3 - 23*i**2 + 31*i + 24. Give z(10).
34
Let b(p) = -p**2 + 5*p + 32. Calculate b(4).
36
Let y(z) = 2*z**3 + 13*z**2 - 111*z - 728. Calculate y(-7).
0
Let s(o) = 2*o**2 + 10*o + 52. Give s(5).
152
Let j(c) = 11*c + 525. What is j(-48)?
-3
Let c(t) = -t**2 + 18*t - 26. What is c(24)?
-170
Let g(h) = -54*h + 3229. What is g(61)?
-65
Let o(v) = 5*v**2 - 61*v - 126. Determine o(14).
0
Let n(k) = -k**3 + 11*k**2 + 40*k + 29. What is n(14)?
1
Let z(b) = -b**3 - 41*b**2 + 36*b - 132. Calculate z(-42).
120
Let n(r) = -3*r**2 - 14*r + 195. Determine n(7).
-50
Let u(n) = -139*n + 691. What is u(4)?
135
Let d(j) = -6*j**2 - 76*j + 82. What is d(-14)?
-30
Let c(y) = -y**3 + 38*y**2 + 159*y - 10034. What is c(34)?
-4
Let x(p) = 3*p**2 - 66*p + 58. Give x(21).
-5
Let t(d) = 2*d**3 + 25*d**2 - 19*d - 17. Determine t(-13).
61
Let b(d) = -d**2 + 3*d + 72. Give b(10).
2
Let s(d) = -107*d + 3101. What is s(29)?
-2
Let r(i) = -9*i - 804. Give r(-95).
51
Let y(v) = -3*v**3 - 63*v**2 - 54*v + 131. Calculate y(-20).
11
Let u(s) = 27*s - 1241. Determine u(46).
1
Let x(r) = -r**2 - 44*r + 1278. What is x(21)?
-87
Let x(s) = 52*s + 9429. Calculate x(-181).
17
Let t(l) = -491*l**2 + 2418*l - 3. Determine t(5).
-188
Let m(n) = 2*n**2 - 62*n - 96. Determine m(33).
36
Let p(b) = 4*b**2 + 269*b + 828. What is p(-64)?
-4
Let u(h) = -136*h + 1303. What is u(9)?
79
Let f(a) = 164*a + 1486. What is f(-9)?
10
Let v(w) = -6*w**2 - 9*w - 66. Give v(-6).
-228
Let g(w) = -7*w + 360. What is g(17)?
241
Let t(f) = -248*f + 25336. Calculate t(102).
40
Let s(n) = -623*n - 51714. What is s(-83)?
-5
Let h(n) = 2*n**2 - 188*n - 2517. Determine h(-12).
27
Let f(a) = -554*a + 15514. What is f(28)?
2
Let t(d) = 2*d**3 + 14*d**2 - 15*d + 17. Calculate t(-8).
9
Let r(x) = 2*x**2 - 4*x - 77. Calculate r(8).
19
Let o(m) = -m**2 - 7*m - 34. What is o(-7)?
-34
Let t(k) = -2*k**3 - 105*k**2 - 62*k - 522. Give t(-52).
-2
Let k(w) = w**3 + 7*w**2 + 64*w + 572. What is k(-8)?
-4
Let v(h) = -1055*h + 4222. What is v(4)?
2
Let c(s) = -s**3 - 5*s**2 + 3*s - 1. What is c(-9)?
296
Let a(c) = -29*c - 794. Determine a(-27).
-11
Let p(g) = -2*g**2 + 84*g - 480. Give p(7).
10
Let g(t) = t**2 - 280*t + 19328. Determine g(124).
-16
Let n(a) = 30*a - 180. Calculate n(7).
30
Let c(a) = -99*a + 581. Determine c(6).
-13
Let g(b) = -24*b + 2393. Determine g(77).
545
Let m(k) = k**3 - 14*k**2 - 62*k + 1051. Determine m(11).
6
Let h(p) = p**3 + p**2 - 397*p + 5. Calculate h(0).
5
Let l(d) = -2*d**3 - 32*d**2 + 214*d + 6. Determine l(5).
26
Let c(v) = -5*v**3 - 14*v - 21. Determine c(-2).
47
Let c(d) = 2*d**3 - 12*d**2 - 180*d - 21. Give c(13).
5
Let i(u) = 6*u**2 - 57*u - 36. Determine i(10).
-6
Let k(f) = -5*f**3 + 26*f**2 - 3*f - 7. Calculate k(5).
3
Let i(r) = 50*r**2 + 403*r + 15. What is i(-8)?
-9
Let u(s) = -101*s + 1367. What is u(12)?
155
Let w(q) = -6*q**2 + 29*q + 37. What is w(12)?
-479
Let q(f) = -3*f + 46. What is q(20)?
-14
Let n(x) = -x**3 - 9*x**2 + 14*x + 19. What is n(-8)?
-157
Let t(g) = 113*g + 16152. Calculate t(-143).
-7
Let f(c) = -38*c + 21. What is f(1)?
-17
Let o(c) = 14*c**2 + 135*c - 21. Determine o(-10).
29
Let h(s) = 2*s**2 - 68*s + 553. Determine h(20).
-7
Let s(t) = t**3 + 8*t**2 + 163*t - 582. Determine s(3).
6
Let y(b) = -b**3 - 12*b**2 - 2*b - 43. Give y(-12).
-19
Let i(a) = -2*a**2 - 101*a + 383. Give i(-54).
5
Let v(b) = -222*b - 2708. Give v(-12).
-44
Let x(h) = h**3 + 62*h**2 - 60*h + 179. Determine x(-63).
-10
Let w(d) = -37*d - 18. Give w(-6).
204
Let u(m) = m**2 + 41*m + 301. Determine u(-35).
91
Let m(n) = -20*n**2 + 20*n + 39. What is m(-2)?
-81
Let d(u) = 71*u**2 + 759*u - 243. Calculate d(-11).
-1
Let u(i) = -i**3 + 12*i**2 + 27*i - 20. Give u(14).
-34
Let g(b) = 2*b**2 - 17*b + 199. Calculate g(0).
199
Let h(s) = -69*s - 2395. Give h(-34).
-49
Let i(r) = -r**2 + 33*r + 47. Give i(34).
13
Let b(i) = i**3 - 5*i**2 - 66*i - 3. What is b(-6)?
-3
Let k(r) = 441*r + 1334. Give k(-3).
11
Let j(i) = -128*i + 1166. Calculate j(9).
14
Let u(w) = 93*w - 175. Determine u(0).
-175
Let r(y) = 7*y - 112. Calculate r(14).
-14
Let u(n) = -n**3 + 3*n**2 - 34*n + 160. What is u(4)?
8
Let d(k) = k**3 + 20*k**2 - 10*k - 58. Give d(-20).
142
Let y(u) = -2*u**3 + 48*u**2 + 52*u + 138. What is y(25)?
188
Let t(w) = 5*w**2 + 62*w + 7. Calculate t(0).
7
Let f(y) = -1532*y**2 - 6127*y + 3. What is f(-4)?
-1
Let g(j) = -17*j**3 + 3*j**2 + 7*j + 6. What is g(-2)?
140
Let o(d) = -d**3 - 15*d**2 + 4*d - 69. Calculate o(-13).
-459
Let y(z) = 166*z + 30725. Give y(-185).
15
Let b(c) = -22*c**3 + 3*c**2. What is b(2)?
-164
Let h(o) = -36*o + 487. Determine h(11).
91
Let v(n) = n**3 + 31*n**2 - 5*n - 43. Calcul